nd 1083.
57
Calculate the greatest common divisor of 519 and 185403754.
173
What is the greatest common factor of 18 and 1715634?
18
Calculate the highest common factor of 245762013 and 833.
119
Calculate the greatest common divisor of 37179 and 6217614.
459
What is the greatest common divisor of 173737 and 677819?
2447
What is the highest common divisor of 37106560 and 3700?
740
What is the greatest common divisor of 106912690 and 1130?
1130
What is the greatest common divisor of 263593 and 66154?
341
What is the highest common factor of 84448 and 191209760?
6496
Calculate the highest common factor of 13455938 and 1332.
74
What is the highest common factor of 103335 and 38595?
1245
What is the highest common factor of 285 and 78454230?
285
What is the greatest common divisor of 98441 and 11634119?
2009
What is the highest common divisor of 191123726 and 23286?
7762
Calculate the greatest common divisor of 2122 and 1298702196.
2122
Calculate the highest common factor of 32710242 and 5962.
542
Calculate the highest common factor of 200403458 and 12418.
1774
What is the greatest common factor of 110 and 294350386?
22
What is the highest common factor of 9591 and 1431129?
69
What is the greatest common divisor of 102 and 1887852669?
51
Calculate the highest common divisor of 6099 and 222669033.
321
What is the greatest common factor of 791775 and 44064?
1377
What is the greatest common divisor of 3509784987 and 1299?
1299
What is the greatest common divisor of 46308 and 12038718?
1362
What is the highest common divisor of 1326594 and 35259?
69
What is the greatest common divisor of 7857 and 3321?
81
Calculate the highest common factor of 70 and 733406898.
14
Calculate the highest common divisor of 1513477 and 21.
7
What is the highest common factor of 137292 and 256938?
102
Calculate the greatest common divisor of 65555368 and 5139.
571
Calculate the greatest common factor of 1386 and 9658026.
126
What is the highest common factor of 10138 and 87829330?
274
What is the highest common factor of 3125 and 28151875?
625
Calculate the highest common factor of 745620 and 12495.
255
What is the greatest common factor of 36539961 and 2489?
131
What is the highest common divisor of 7670 and 10194020?
590
What is the greatest common factor of 36016617 and 75999?
6909
What is the greatest common divisor of 53960 and 22192?
152
Calculate the greatest common factor of 1547 and 3509429.
119
Calculate the greatest common divisor of 624 and 16302.
78
What is the highest common divisor of 2156 and 12598096?
196
Calculate the highest common divisor of 404 and 281848.
4
What is the greatest common divisor of 7968 and 397248?
96
Calculate the highest common factor of 1702798 and 1022.
146
Calculate the greatest common divisor of 4660 and 1684823.
233
Calculate the greatest common divisor of 12388 and 15951832.
652
What is the highest common divisor of 756 and 32782932?
252
Calculate the highest common factor of 4706 and 62445.
181
Calculate the highest common factor of 230205 and 11091555.
1545
Calculate the highest common factor of 20 and 70518920.
20
What is the highest common divisor of 202880 and 152960?
640
Calculate the greatest common divisor of 875 and 3084235.
35
Calculate the highest common factor of 158942910 and 5075.
1015
What is the highest common divisor of 9897945 and 60?
15
What is the highest common divisor of 916 and 173516506?
458
What is the greatest common divisor of 162804 and 7572?
12
What is the greatest common divisor of 95422240 and 712?
712
What is the greatest common divisor of 112881765 and 15?
15
Calculate the greatest common factor of 343763562 and 37995.
7599
Calculate the highest common divisor of 13107721 and 165.
11
What is the greatest common factor of 65120 and 194435?
185
What is the greatest common divisor of 232 and 11262324?
116
Calculate the greatest common factor of 2875 and 6903933.
23
What is the highest common divisor of 1665517 and 8015?
1603
What is the greatest common factor of 2877907837 and 49?
49
What is the highest common factor of 348667 and 781?
11
What is the greatest common divisor of 2935394704 and 37?
37
What is the greatest common factor of 5328280 and 640?
40
Calculate the highest common factor of 312543 and 10456215.
2541
Calculate the greatest common factor of 193205474 and 4.
2
Calculate the highest common factor of 255397 and 106583.
2011
What is the greatest common factor of 1968 and 985488?
48
What is the greatest common factor of 10457010 and 10?
10
Calculate the highest common factor of 653618 and 8.
2
What is the highest common divisor of 50058 and 3119148?
486
Calculate the highest common factor of 63 and 2760429.
21
What is the greatest common factor of 24120768 and 1572?
1572
Calculate the highest common factor of 381050 and 2950.
50
Calculate the greatest common divisor of 13434515 and 26159.
3737
Calculate the greatest common factor of 1752 and 14582772.
876
Calculate the greatest common factor of 361290 and 14585.
5
What is the highest common factor of 386335670 and 280?
70
Calculate the highest common divisor of 48 and 22935492.
12
Calculate the greatest common divisor of 89670 and 3684030.
210
Calculate the greatest common factor of 195604358 and 434.
62
Calculate the highest common factor of 4711514 and 754.
58
Calculate the highest common divisor of 3544637 and 407.
37
Calculate the greatest common divisor of 86922897 and 2715.
543
What is the greatest common factor of 673524 and 53?
53
Calculate the greatest common factor of 5 and 13750830.
5
Calculate the greatest common factor of 260958 and 21942.
138
Calculate the highest common factor of 1962 and 12598874.
218
What is the highest common factor of 54 and 4149174?
6
Calculate the greatest common divisor of 1672 and 44004.
76
What is the greatest common divisor of 13009368 and 327?
327
Calculate the greatest common factor of 28048265 and 63.
7
What is the greatest common factor of 10 and 40760420?
10
What is the greatest common factor of 2553499 and 712?
89
Calculate the greatest common factor of 298683 and 7161.
231
Calculate the highest common divisor of 17647565 and 4355.
65
What is the highest common divisor of 954 and 3729769?
53
What is the highest common divisor of 63140 and 2011660?
140
Calculate the greatest common factor of 207 and 12598756.
23
Calculate the greatest common factor of 4680786 and 66.
66
Calculate the highest common divisor of 908720 and 74000.
2960
What is the highest common divisor of 1537 and 27898?
29
Calculate the greatest common divisor of 4841889 and 153799.
1853
Calculate the greatest common factor of 358155 and 1710.
45
What is the highest common factor of 1538181 and 749655?
5553
Calculate the greatest common divisor of 2976820 and 1610.
70
What is the highest common factor of 2835 and 2797830?
315
What is the highest common divisor of 190774350 and 4950?
450
What is the greatest common factor of 68 and 1402925?
17
Calculate the highest common divisor of 48432181 and 322.
161
Calculate the highest common factor of 1867671 and 101725.
4069
What is the greatest common divisor of 320 and 119936?
64
What is the greatest common factor of 2110546 and 3124?
142
What is the highest common factor of 2904 and 2532750?
66
What is the highest common factor of 61522 and 29982?
38
Calculate the greatest common divisor of 34809 and 122016.
123
Calculate the highest common divisor of 20 and 964829930.
10
What is the highest common divisor of 4789686 and 25234?
682
Calculate the greatest common factor of 137626160 and 48230.
3710
Calculate the greatest common factor of 121 and 12474979.
121
Calculate the greatest common factor of 1144 and 3159806.
26
What is the highest common divisor of 233048 and 25?
1
What is the greatest common factor of 697 and 2440033?
41
Calculate the greatest common factor of 38475 and 846925.
475
What is the highest common factor of 585112 and 20984?
488
What is the highest common divisor of 21 and 3507987?
21
What is the greatest common factor of 832 and 8134061?
13
What is the highest common factor of 795 and 2762519?
53
What is the greatest common factor of 91692 and 10179?
27
Calculate the greatest common factor of 45 and 1173765.
15
Calculate the highest common factor of 515 and 54